se
Is 557168 a multiple of 97?
True
Is 48168 a multiple of 9?
True
Is 15 a factor of 772320?
True
Is 51 a factor of 67870?
False
Is 80444 a multiple of 24?
False
Is 844805 a multiple of 41?
True
Does 52 divide 12160?
False
Does 96 divide 20497632?
True
Is 37 a factor of 7159768?
False
Is 360832 a multiple of 3?
False
Is 22 a factor of 19316?
True
Is 14 a factor of 892238?
False
Is 168 a factor of 2504662?
False
Is 14 a factor of 516530?
True
Is 483575 a multiple of 83?
False
Is 30 a factor of 7840870?
False
Is 8 a factor of 68924?
False
Is 2 a factor of 701553?
False
Does 20 divide 2597015?
False
Does 35 divide 28986?
False
Does 100 divide 317600?
True
Is 2895 a multiple of 15?
True
Is 6 a factor of 249558?
True
Is 165452 a multiple of 311?
True
Does 191 divide 839063?
True
Is 100499 a multiple of 7?
True
Is 41859 a multiple of 96?
False
Does 27 divide 1055673?
True
Does 40 divide 230212?
False
Does 66 divide 5968710?
True
Does 37 divide 283803?
False
Does 56 divide 1525160?
True
Does 120 divide 492720?
True
Is 217752 a multiple of 24?
True
Is 1165710 a multiple of 42?
True
Does 11 divide 1786994?
True
Is 1438 a factor of 5347700?
False
Does 28 divide 3147987?
False
Does 29 divide 93960?
True
Is 80 a factor of 1001?
False
Does 10 divide 1166122?
False
Is 71 a factor of 143988?
True
Is 157 a factor of 887443?
False
Does 9 divide 46112?
False
Does 960 divide 3167594?
False
Does 14 divide 499934?
False
Is 2501280 a multiple of 144?
True
Is 107580 a multiple of 8?
False
Is 1831805 a multiple of 605?
False
Does 27 divide 5808969?
True
Is 32 a factor of 7270278?
False
Does 189 divide 56322?
True
Is 78 a factor of 21232?
False
Is 21 a factor of 10276077?
True
Does 9 divide 18990?
True
Is 16 a factor of 991736?
False
Is 6556620 a multiple of 1005?
True
Does 5 divide 592465?
True
Is 349068 a multiple of 268?
False
Is 37 a factor of 75508?
False
Does 24 divide 543528?
True
Is 55 a factor of 441705?
True
Is 38 a factor of 197849?
False
Is 379793 a multiple of 11?
False
Is 48684 a multiple of 46?
False
Is 217 a factor of 1018609?
False
Is 1196157 a multiple of 3?
True
Does 35 divide 49376?
False
Is 154945 a multiple of 19?
True
Is 17 a factor of 158355?
True
Is 1081887 a multiple of 4?
False
Is 932 a factor of 24879740?
True
Is 22 a factor of 3710586?
True
Is 219 a factor of 640586?
False
Is 27939160 a multiple of 227?
True
Is 669 a factor of 1547907?
False
Is 495120 a multiple of 48?
True
Does 107 divide 201374?
True
Is 291712 a multiple of 30?
False
Is 755 a factor of 19938081?
False
Does 100 divide 1010877?
False
Is 31 a factor of 108019?
False
Does 110 divide 1265990?
True
Is 112514 a multiple of 121?
False
Is 12 a factor of 4463334?
False
Is 3876705 a multiple of 465?
True
Is 505 a factor of 11806206?
False
Does 113 divide 9379?
True
Is 90953 a multiple of 81?
False
Does 82 divide 1310278?
True
Is 15203 a multiple of 25?
False
Does 363 divide 1146354?
True
Does 8 divide 277947?
False
Is 136940 a multiple of 107?
False
Is 7405437 a multiple of 13?
True
Does 16 divide 81039?
False
Is 55356 a multiple of 99?
False
Is 79 a factor of 514103?
False
Does 9 divide 90656?
False
Is 2644 a factor of 5851172?
True
Does 99 divide 530739?
True
Is 60 a factor of 519780?
True
Is 29 a factor of 181518?
False
Is 65736 a multiple of 122?
False
Does 305 divide 2132865?
True
Is 438546 a multiple of 17?
False
Is 484 a factor of 6418923?
False
Is 856517 a multiple of 73?
False
Is 8 a factor of 48654?
False
Does 110 divide 1649612?
False
Is 5501554 a multiple of 1202?
True
Is 1033553 a multiple of 58?
False
Does 23 divide 5182268?
True
Is 5240708 a multiple of 2?
True
Is 1050780 a multiple of 83?
True
Does 598 divide 229974?
False
Is 3437368 a multiple of 3?
False
Does 7 divide 71117?
False
Is 1648445 a multiple of 439?
True
Is 12 a factor of 308784?
True
Is 30 a factor of 356925?
False
Is 82 a factor of 22468?
True
Does 14 divide 621726?
True
Is 1556573 a multiple of 783?
False
Is 16 a factor of 1321586?
False
Is 218 a factor of 399801?
False
Does 42 divide 5043276?
True
Is 820 a factor of 3782660?
True
Does 15 divide 1799482?
False
Is 22966 a multiple of 3?
False
Is 79 a factor of 143622?
True
Does 275 divide 225642?
False
Is 117960 a multiple of 40?
True
Does 262 divide 274181?
False
Is 3 a factor of 7395?
True
Is 746 a factor of 1095491?
False
Is 191 a factor of 249944?
False
Is 676984 a multiple of 196?
True
Is 33162 a multiple of 57?
False
Is 37 a factor of 3411153?
False
Is 2782260 a multiple of 82?
True
Does 9 divide 4348?
False
Is 2588259 a multiple of 69?
True
Is 767619 a multiple of 670?
False
Does 313 divide 1683710?
False
Does 70 divide 102130?
True
Is 37 a factor of 488733?
True
Does 49 divide 2650598?
False
Does 29 divide 3954121?
True
Does 178 divide 2902112?
True
Is 601605 a multiple of 39?
False
Does 2 divide 402372?
True
Is 49 a factor of 338259?
False
Is 36 a factor of 548821?
False
Is 62 a factor of 520907?
False
Does 2 divide 965398?
True
Is 5 a factor of 53705?
True
Is 11 a factor of 2165713?
True
Does 146 divide 12221076?
True
Is 223628 a multiple of 37?
True
Is 386464 a multiple of 32?
True
Does 172 divide 163182?
False
Is 126 a factor of 404252?
False
Is 12716124 a multiple of 1446?
True
Is 186599 a multiple of 58?
False
Does 28 divide 5019784?
True
Does 15 divide 273032?
False
Is 15 a factor of 1568524?
False
Is 2260748 a multiple of 1228?
True
Does 18 divide 148572?
True
Is 48 a factor of 280430?
False
Does 33 divide 184734?
True
Is 62 a factor of 42508?
False
Does 732 divide 1450092?
True
Is 89282 a multiple of 452?
False
Does 18 divide 963035?
False
Does 167 divide 155068?
False
Is 56 a factor of 3274712?
True
Is 1030701 a multiple of 23?
False
Does 520 divide 1316120?
True
Does 26 divide 1511487?
False
Is 11 a factor of 33808?
False
Is 37500 a multiple of 30?
True
Is 2 a factor of 234986?
True
Is 35 a factor of 1275290?
False
Is 7 a factor of 1911427?
True
Does 16 divide 107824?
True
Does 6 divide 52629?
False
Is 311 a factor of 11149574?
False
Does 66 divide 2699410?
False
Is 112937 a multiple of 347?
False
Does 105 divide 542640?
True
Does 32 divide 60097?
False
Is 59 a factor of 197338?
False
Is 4946099 a multiple of 516?
False
Is 127583 a multiple of 353?
False
Does 214 divide 14814507?
False
Does 117 divide 494206?
False
Is 1019027 a multiple of 13?
False
Does 115 divide 172040?
True
Is 17 a factor of 373014?
True
Does 11 divide 5223987?
False
Is 488110 a multiple of 2?
True
Is 539 a factor of 10330474?
True
Is 154970 a multiple of 10?
True
Is 21 a factor of 669459?
True
Does 337 divide 3577592?
True
Is 108 a factor of 3672?
True
Does 136 divide 748136?
True
Is 1075257 a multiple of 27?
False
Does 116 divide 204295?
False
Is 112 a factor of 328748?
False
Does 56 divide 219932?
False
Does 264 divide 138600?
True
Is 18 a factor of 8211332?
False
Does 193 divide 2671578?
False
Is 21 a factor of 23749581?
False
Is 3 a factor of 4366836?
True
Is 12 a factor of 175321?
False
Is 42 a factor of 464695?
False
Is 205 a factor of 430500?
True
Does 22 divide 1143829?
False
Does 5 divide 129715?
True
Does 11 divide 1114901?
False
Is 436 a factor of 393272?
True
Is 428655 a multiple of 255?
True
Is 67 a factor of 212189?
True
Is 277 a factor of 961976?
False
Is 118 a factor of 21658074?
True
Is 73710 a multiple of 5?
True
Is 2232 a multiple of 18?
True
Is 23 a factor of 385181?
True
Is 1989090 a multiple of 139?
True
Is 903651 a multiple of 2?
False
Does 6 divide 473146?
False
Is 11024 a multiple of 60?
False
Is 189 a factor of 7571097?
False
Is 146 a factor of 2265?
False
Is 708 a factor of 3575400?
True
Is 35 a factor of 133776?
False
Is 353 a factor of 579979?
True
Does 12 divide 4133937?
False
Does 36 divide 985866?
False
Is 5272231 a multiple of 1293?
False
Is 2922323 a multiple of 107?
False
Is 39 a factor of 909168?
True
Does 19 divide 146459?
False
Is 17818310 a multiple of 10?
True
Is 11 a factor of 56661?
True
Does 26 divide 674388?
True
Is 141562 a multiple of 285?
False
Is 29 a factor of 2023533?
True
Does 137 divide 92338?
True
Is 24 a factor of 1235578?
False
Is 35637 a multiple of 21?
True
Is 7656557 a multiple of 277?
True
Does 49 divide 113033?
False
Is 13 a factor of 4400474?
True
Is 1834 a multiple of 131?
True
Is 19 a factor of